381
List the prime factors of 8540044.
2, 19, 37, 3037
What are the prime factors of 344407?
7, 49201
List the prime factors of 965406.
2, 3, 13, 12377
List the prime factors of 5258933.
17, 31, 587
List the prime factors of 113874.
2, 3, 18979
What are the prime factors of 689634?
2, 3, 11, 43
What are the prime factors of 595425?
3, 5, 17, 467
List the prime factors of 33914673.
3, 13, 23, 4201
What are the prime factors of 3418603?
3418603
List the prime factors of 549841.
19, 43, 673
List the prime factors of 2433828.
2, 3, 127, 1597
What are the prime factors of 3205939?
11, 37, 7877
List the prime factors of 206879.
206879
List the prime factors of 2151426.
2, 3, 358571
What are the prime factors of 630369?
3, 37, 631
What are the prime factors of 19915277?
331, 60167
List the prime factors of 1360599.
3, 59, 7687
List the prime factors of 22665445.
5, 11, 412099
What are the prime factors of 16272994?
2, 8136497
List the prime factors of 365523.
3, 37, 89
List the prime factors of 2000269.
2000269
What are the prime factors of 15190393?
15190393
What are the prime factors of 131060?
2, 5, 6553
List the prime factors of 20591262.
2, 3, 1143959
List the prime factors of 21069720.
2, 3, 5, 7, 929
List the prime factors of 21833779.
11, 617, 3217
List the prime factors of 303038.
2, 277, 547
List the prime factors of 2448631.
2448631
List the prime factors of 240893.
240893
What are the prime factors of 1244153?
1244153
List the prime factors of 287035.
5, 7, 59, 139
What are the prime factors of 9603128?
2, 37, 32443
What are the prime factors of 1953316?
2, 488329
List the prime factors of 12336094.
2, 2437, 2531
List the prime factors of 215599.
37, 5827
List the prime factors of 25856226.
2, 3, 11, 19, 29, 79
What are the prime factors of 1667199?
3, 383, 1451
List the prime factors of 1286506.
2, 13, 49481
List the prime factors of 908088.
2, 3, 157, 241
What are the prime factors of 471374?
2, 211, 1117
What are the prime factors of 1081283?
7, 22067
List the prime factors of 8310382.
2, 17, 244423
List the prime factors of 5633928.
2, 3, 26083
List the prime factors of 224616.
2, 3, 7, 191
What are the prime factors of 18760263?
3, 359, 17419
List the prime factors of 1537016.
2, 13, 14779
List the prime factors of 3131996.
2, 7, 111857
List the prime factors of 355512.
2, 3, 14813
What are the prime factors of 10246737?
3, 3415579
What are the prime factors of 814811?
83, 9817
List the prime factors of 5696770.
2, 5, 19, 29983
List the prime factors of 18509017.
2749, 6733
List the prime factors of 7383305.
5, 19, 77719
List the prime factors of 11883864.
2, 3, 495161
What are the prime factors of 1991635?
5, 17, 23431
What are the prime factors of 229335?
3, 5, 15289
What are the prime factors of 4573079?
7, 131, 4987
List the prime factors of 2014815.
3, 5, 11, 12211
What are the prime factors of 19877?
11, 13, 139
What are the prime factors of 5383816?
2, 672977
What are the prime factors of 1932019?
1381, 1399
What are the prime factors of 294116?
2, 73529
What are the prime factors of 3335783?
11, 29, 10457
What are the prime factors of 1830949?
379, 4831
List the prime factors of 1741581.
3, 2389
What are the prime factors of 312874?
2, 156437
List the prime factors of 267642.
2, 3, 14869
What are the prime factors of 6103528?
2, 31, 24611
List the prime factors of 2735408.
2, 13, 13151
List the prime factors of 4442768.
2, 11, 25243
List the prime factors of 2917597.
53, 55049
What are the prime factors of 413377?
479, 863
List the prime factors of 7584581.
7584581
List the prime factors of 1166885.
5, 19, 71, 173
List the prime factors of 7071530.
2, 5, 707153
List the prime factors of 5761344.
2, 3, 37, 811
What are the prime factors of 3774718?
2, 1887359
List the prime factors of 7289914.
2, 3644957
What are the prime factors of 5051187?
3, 187081
What are the prime factors of 2822592?
2, 3, 61, 241
What are the prime factors of 2177177?
179, 12163
What are the prime factors of 1466049?
3, 13, 37591
What are the prime factors of 201840?
2, 3, 5, 29
List the prime factors of 452502.
2, 3, 23, 1093
What are the prime factors of 10384106?
2, 439, 11827
List the prime factors of 21088942.
2, 7, 17, 88609
List the prime factors of 323216.
2, 20201
List the prime factors of 6468827.
29, 223063
What are the prime factors of 563579?
61, 9239
What are the prime factors of 5338845?
3, 5, 71, 557
What are the prime factors of 9328977?
3, 7, 148079
List the prime factors of 159970.
2, 5, 17, 941
What are the prime factors of 4153804?
2, 409, 2539
What are the prime factors of 1408343?
97, 14519
List the prime factors of 5643382.
2, 409, 6899
List the prime factors of 64130.
2, 5, 11, 53
List the prime factors of 3904753.
3904753
List the prime factors of 463078.
2, 7, 11, 31, 97
What are the prime factors of 29044741?
11, 37, 71363
List the prime factors of 82261.
82261
What are the prime factors of 199835?
5, 17, 2351
What are the prime factors of 2708651?
11, 246241
What are the prime factors of 1299118?
2, 649559
What are the prime factors of 1450878?
2, 3, 11, 13, 19, 89
What are the prime factors of 33920553?
3, 239, 47309
What are the prime factors of 15728781?
3, 5242927
List the prime factors of 2345118.
2, 3, 41, 9533
List the prime factors of 66943.
66943
What are the prime factors of 21869623?
107, 313, 653
List the prime factors of 1028438.
2, 514219
What are the prime factors of 360094?
2, 7, 17, 89
What are the prime factors of 38869?
47, 827
List the prime factors of 1374622.
2, 687311
List the prime factors of 1522896.
2, 3, 31727
List the prime factors of 524552.
2, 7, 17, 19, 29
List the prime factors of 1849915.
5, 369983
What are the prime factors of 7832494?
2, 29, 135043
What are the prime factors of 6225148?
2, 73, 21319
List the prime factors of 2125854.
2, 3, 89, 1327
List the prime factors of 5012626.
2, 2506313
List the prime factors of 1321606.
2, 11, 13, 4621
What are the prime factors of 7927353?
3, 7, 29, 4339
List the prime factors of 8391278.
2, 7, 43, 53, 263
What are the prime factors of 1052053?
773, 1361
List the prime factors of 4143067.
4143067
List the prime factors of 633167.
23, 27529
What are the prime factors of 473566?
2, 236783
List the prime factors of 10278762.
2, 3, 13, 131779
What are the prime factors of 2546032?
2, 227, 701
List the prime factors of 688539.
3, 283, 811
List the prime factors of 9030920.
2, 5, 31, 7283
List the prime factors of 2565797.
13, 197369
List the prime factors of 15291127.
15291127
What are the prime factors of 282011?
282011
List the prime factors of 21354.
2, 3, 3559
What are the prime factors of 19481577?
3, 97, 66947
List the prime factors of 314899.
13, 24223
List the prime factors of 2795782.
2, 11, 127081
List the prime factors of 813350.
2, 5, 16267
List the prime factors of 8121081.
3, 293, 9239
List the prime factors of 6988531.
11, 211, 3011
What are the prime factors of 370639?
281, 1319
List the prime factors of 2692104.
2, 3, 23, 4877
List the prime factors of 703524.
2, 3, 23, 2549
What are the prime factors of 494852?
2, 193, 641
What are the prime factors of 218008?
2, 7, 17, 229
What are the prime factors of 229090?
2, 5, 31, 739
List the prime factors of 4612630.
2, 5, 11, 19, 2207
List the prime factors of 814785.
3, 5, 54319
List the prime factors of 2543687.
47, 54121
What are the prime factors of 3197883?
3, 13, 167, 491
What are the prime factors of 1409520?
2, 3, 5, 7, 839
List the prime factors of 122552.
2, 15319
List the prime factors of 71534.
2, 47, 761
What are the prime factors of 305021?
305021
List the prime factors of 841759.
379, 2221
List the prime factors of 1008577.
19, 109, 487
What are the prime factors of 168211?
168211
What are the prime factors of 17559833?
23, 763471
What are the prime factors of 2121369?
3, 19, 37217
What are the prime factors of 6598828?
2, 1649707
List the prime factors of 6908661.
3, 191, 4019
List the prime factors of 345436.
2, 7, 13, 73
List the prime factors of 666532.
2, 281, 593
List the prime factors of 6049804.
2, 271, 5581
What are the prime factors of 2849493?
3, 23, 61, 677
List the prime factors of 3247404.
2, 3, 19, 14243
List the prime factors of 5742938.
2, 2871469
List th